-132?
221144310
In base 7, what is 44421 + -4366?
40022
In base 2, what is 11011010100 + -1110000000100?
-1010100110000
In base 16, what is 31a95 - 1b?
31a7a
In base 15, what is 6a6 + -a720?
-a069
In base 16, what is 2 + -47fe0ab?
-47fe0a9
In base 3, what is -11001212100100 - 0?
-11001212100100
In base 5, what is -22322 - -1043?
-21224
In base 6, what is -50505315 - 45?
-50505404
In base 7, what is 1336426 - 316?
1336110
In base 13, what is -34b5276 - 5?
-34b527b
In base 7, what is 5 - 20502612?
-20502604
In base 9, what is -8564 + -150?
-8724
In base 10, what is -1134017 + -2?
-1134019
In base 8, what is 22373 - 17465?
2706
In base 16, what is 9b - -20a537?
20a5d2
In base 6, what is -11043533 - -323?
-11043210
In base 14, what is -175b0d4 + 4c?
-175b086
In base 9, what is -2133365 - 481?
-2133856
In base 16, what is cced37 + -4?
cced33
In base 16, what is 3 + 7888568?
788856b
In base 6, what is -1130105510 + 3?
-1130105503
In base 4, what is -213212103033230 + 2?
-213212103033222
In base 5, what is 100 + -2431040332?
-2431040232
In base 3, what is 20 - 122210001221?
-122210001201
In base 3, what is 1110100021111 - -2?
1110100021120
In base 12, what is -27276b - -a?
-272761
In base 7, what is 331 + 361025?
361356
In base 16, what is 1 + 3d71d42?
3d71d43
In base 3, what is -2221021101001 - -1101?
-2221021022200
In base 12, what is -2 + -873671?
-873673
In base 14, what is 4372a - 19?
43711
In base 13, what is 227161 - 1?
227160
In base 16, what is -d - 87e31?
-87e3e
In base 13, what is 867c - -30a1?
b750
In base 6, what is 1140 + -20000140?
-15555000
In base 6, what is -4 - 204453152?
-204453200
In base 14, what is 1a + 5498c4?
549900
In base 16, what is 2 - -3b4151?
3b4153
In base 7, what is 1303 + -15624?
-14321
In base 12, what is 2545367 - -a?
2545375
In base 13, what is -3 + 3b6b1592?
3b6b158c
In base 9, what is -2358737 + 0?
-2358737
In base 8, what is -22772 + -31274?
-54266
In base 14, what is -2a48 + -1a?
-2a64
In base 6, what is -120040322240 - -1?
-120040322235
In base 16, what is 5a2cb6 + -c?
5a2caa
In base 3, what is -120112111221000 - -2?
-120112111220221
In base 14, what is 622b + 3b4?
6601
In base 7, what is 1163611 + -32?
1163546
In base 2, what is 11010100110010001100 + 101000?
11010100110010110100
In base 11, what is -4a - 590a70?
-59100a
In base 11, what is 24812509 + 1?
2481250a
In base 14, what is 78c - -11c9?
1977
In base 4, what is -22312233 - -12221?
-22300012
In base 8, what is 63 - 620244?
-620161
In base 9, what is -11 + -243722540?
-243722551
In base 7, what is 5264202146 - 5?
5264202141
In base 10, what is 3385 - 3408?
-23
In base 3, what is 1220110 - -10002000?
11222110
In base 15, what is 62 + -520a5?
-52043
In base 15, what is -758 - 404ba?
-40c23
In base 16, what is -3 - f964e3?
-f964e6
In base 6, what is -230 + -503251?
-503521
In base 14, what is 15310 - -6?
15316
In base 4, what is -1 + 21200332223?
21200332222
In base 14, what is 28bcd + -5c?
28b71
In base 15, what is -2d5eb + 0?
-2d5eb
In base 7, what is 10 + -4201625?
-4201615
In base 5, what is -23423 + 30221?
1243
In base 6, what is 11333343105 + -1?
11333343104
In base 10, what is 6605492 + -8?
6605484
In base 5, what is 30042 + 1320020?
1400112
In base 7, what is -3421055525 + -3?
-3421055531
In base 15, what is 13 - 5d5ecd?
-5d5eba
In base 2, what is -1011000010011110000 - 1001?
-1011000010011111001
In base 6, what is -2 + -1030530044?
-1030530050
In base 13, what is 926903 - a7?
926829
In base 10, what is -611564 + -1859?
-613423
In base 13, what is 1c82b - -2a5?
1cb03
In base 16, what is 38a + -859?
-4cf
In base 10, what is -49 - 1704158?
-1704207
In base 8, what is -2651312 + 320?
-2650772
In base 16, what is cb1c7 - c?
cb1bb
In base 3, what is -211020011022112 - -12?
-211020011022100
In base 15, what is 5b + 3c284?
3c2e0
In base 6, what is 54114254 - 32?
54114222
In base 3, what is -200122 - -1112210111?
1112002212
In base 13, what is -590 - -1aa4?
1514
In base 7, what is -323 + 2332021?
2331365
In base 11, what is 0 + -3a473a1?
-3a473a1
In base 15, what is -55216 + -485?
-5569b
In base 6, what is -23 - -14545540?
14545513
In base 14, what is 3b61 - 32095?
-2c334
In base 13, what is 12 - -177394?
1773a6
In base 16, what is -6b50 - -9e?
-6ab2
In base 3, what is -12 - 10210022111000?
-10210022111012
In base 2, what is -101110 - 111100000100100111111?
-111100000100101101101
In base 13, what is 3 + -1381cc4?
-1381cc1
In base 10, what is -1732 - -2802?
1070
In base 6, what is -11001 + -222512?
-233513
In base 2, what is 101100000100000 - -11000001000010?
1000100001100010
In base 6, what is -354040 - 431?
-354511
In base 9, what is -108865 + 866?
-107888
In base 13, what is a + -200477?
-20046a
In base 8, what is -167015273 - -4?
-167015267
In base 12, what is -3 + 61069295?
61069292
In base 6, what is -501 - -1355512?
1355011
In base 4, what is -13 - -2111112102?
2111112023
In base 15, what is -55b3 - -ea?
-54b8
In base 13, what is 26 + -377b838?
-377b812
In base 4, what is 1322113 + 12101331?
20030110
In base 11, what is 71256013 + -8?
71256006
In base 14, what is -80b + -133bd2?
-1345dd
In base 8, what is -666566324 - -4?
-666566320
In base 10, what is -5 - -2422879?
2422874
In base 5, what is -1040142004 + 12?
-1040141442
In base 6, what is -3 - 3451022420?
-3451022423
In base 3, what is -21222211121022 + -111?
-21222211121210
In base 6, what is -412235 + -10240?
-422515
In base 3, what is -110 - -2102200100020?
2102200022210
In base 14, what is 6 - -3cd410?
3cd416
In base 13, what is -a31c - -667?
-9985
In base 16, what is 9 - -11571c1?
11571ca
In base 13, what is -2 + 105273b9?
105273b7
In base 2, what is 11011110100 + 101010011101110?
101101111100010
In base 3, what is -1111000 - -1201100012?
1122212012
In base 10, what is -121286366 - -2?
-121286364
In base 9, what is -212438 - -64?
-212364
In base 3, what is -10212 - -1110012110012?
1110012022100
In base 16, what is 4e6482 + -2?
4e6480
In base 7, what is -4105 - 5024330?
-5031435
In base 5, what is 2 + 131133103320?
131133103322
In base 3, what is 212022121202000 + 12?
212022121202012
In base 5, what is -4040121 + 0?
-4040121
In base 12, what is -4b935 - -542?
-4b3b3
In base 13, what is 32b9 - 50?
3269
In base 11, what is -629a + 143?
-6157
In base 3, what is 2220 + 100020001110?
100020011100
In base 5, what is -403441 + 100?
-403341
In base 2, what is 11 - 100111000110111110?
-100111000110111011
In base 3, what is 1101 + -1120110020210?
-1120110012102
In base 10, what is 485 - 12606?
-12121
In base 13, what is 2b963 - 18?
2b948
In base 5, what is -11 - -10123411401?
10123411340
In base 10, what is -9858636 + 2?
-9858634
In base 12, what is -41868664 + 1?
-41868663
In base 6, what is 31134151 - 11?
31134140
In base 11, what is 2 - 2491a63?
-2491a61
In base 12, what is -5 + -524bb533?
-524bb538
In base 6, what is -433 - 2351412?
-2352245
In base 11, what is 11865 - 12099?
-334
In base 7, what is -462065245 + -5?
-462065253
In base 2, what is -10101010010000101000010 + -1?
-10101010010000101000011
In base 3, what is -112200022210 - -1100020?
-112121222120
In base 4, what is -13 - 1010101233113?
-1010101233132
In base 6, what is 3500 + 2132534?
2140434
In base 11, what is -a7770 + 56?
-a7715
In base 2, what is 11111 + -1101111101010011000101?
-1101111101010010100110
In base 5, what is 1 + -233124103?
-233124102
In base 11, what is -58 + -102794?
-102841
In base 16, what is 2363 - 80f6?
-5d93
In base 6, what is -252512 + 352?
-252120
In base 13, what is 461b399 + -2?
461b397
In base 6, what is 1323140 + -4340?
1314400
In base 5, what is -10 + -44034341000?
-44034341010
In base 10, what is 2 + -4149178?
-4149176
In base 13, what is 23c - 6224?
-5cb5
In base 3, what is -10012122020 + -102100?
-10020001120
In base 11, what is -13 - 1794802?
-1794815
In base 10, what is -65080755 - 19?
-65080774
In base 12, what is -65945a61 - 0?
-65945a61
In base 11, what is -72652 + -285?
-72927
In base 11, what is 5 - -237a41?
237a46
In base 3, what is 21200010 - 2010212?
12112021
In base 13, what is -9b89 + -2c27?
-cab3
In base 12, what is 77361 - 16?
77347
In base 12, what is 1a718 + 1123?
1b83b
In base 8, what is 50676 + 1623?
52521
In base 10, what is -210 - 851750?
-851960
In base 16, what is 63b6507 + 5?